*w = 3*v - 115. Suppose c - v = -4*c. Suppose -4 = s - 16. What is the highest common divisor of c and s?
6
Let x(j) = -j**2 - 9*j - 15. Let z be x(-5). Calculate the greatest common divisor of z and 85.
5
Let k be (1/(2/(-3)))/((-9)/420). Calculate the highest common divisor of 28 and k.
14
Let q(i) = 17 - i**2 - 7 - 8 - 4*i. Let z be q(-4). What is the highest common divisor of 4 and z?
2
Let y(m) = 2*m**2 + 42*m - 84. Let g be y(-26). Let v = -15 - -31. What is the highest common factor of v and g?
16
Let o = -164 - -311. Calculate the greatest common factor of 98 and o.
49
Let m = 5 - 2. Let g(t) = -t**2 + 3*t. Let q be g(m). Suppose 3*h - 12 = -i + 2, -2*i - 2*h + 16 = q. What is the highest common divisor of 1 and i?
1
Suppose -16 = -5*w - 3*z, z - 14 = -4*w - z. What is the greatest common factor of 20 and w?
5
Let d(o) = 2*o + 4. Let c be d(2). Let j be (-2 + (-2)/c)*-8. What is the greatest common factor of 72 and j?
18
Let r = -2 + 6. Let c = 6 - r. Suppose c*l + 3*z = 9, -14 = -3*l - 4*z - 0*z. Calculate the highest common divisor of l and 48.
6
Let x be (-107)/(-5) + 3/5. Calculate the highest common factor of x and 33.
11
Let z(g) = g**3 - 8*g**2 - 13*g - 7. Let m be z(10). Calculate the highest common factor of m and 7.
7
Suppose 7*c = 4*c. Suppose 3*u - 2*u - 1 = c. Let o be (u + 0)*(-3 - -16). What is the highest common factor of 117 and o?
13
Suppose 0 = 2*q - 10, 0 = 5*h - q - 2*q - 10. Suppose h*b = -i + 553, -3*b + 2*i = -i - 339. Let y = b - 12. Calculate the highest common factor of y and 9.
9
Let a = 10 + 7. Let f be (-684)/(-10) - (-10)/(-25). Calculate the greatest common factor of a and f.
17
Suppose 2 = 3*s - 13. Let i be (3 - (-1491)/35) + 6/(-10). Calculate the highest common factor of i and s.
5
Suppose 3*k - k = 88. Suppose -h - 3*u + 69 = 0, 4*u - 136 = 3*h - 5*h. What is the greatest common divisor of k and h?
22
Suppose -5*h - 310 = -5*g, -6*g = -2*g + 3*h - 220. Let p = g - 28. Suppose 3*d - 8*d = -p. What is the greatest common divisor of d and 4?
2
Let u(b) = 3*b - 1. Let k be u(1). Suppose 3*h - 26 = 5*a, 3*h = -a + k*a + 34. Calculate the greatest common divisor of 12 and h.
12
Suppose -48 = -5*k + 2*k. Calculate the highest common factor of k and 128.
16
Let h(q) = -3*q + 9. Let b be h(-10). Calculate the highest common divisor of b and 13.
13
Suppose 5*w - 7*w = -140. What is the greatest common factor of w and 10?
10
Let l(v) be the first derivative of -3*v**2/2 - 1. Let s be l(-5). Calculate the highest common factor of s and 120.
15
Suppose 4*r = 3*r + 2. Suppose 5*k - 146 = r*p, -k - 5*p = -0*k - 13. Calculate the greatest common factor of 140 and k.
28
Suppose -4*z = -7*z + 759. Calculate the highest common divisor of z and 23.
23
Let w be (2 + 2)/(2/66). Suppose -4*f + 35 = -13. Calculate the greatest common factor of w and f.
12
Let y(i) = 1 + 1 + 2*i + 5. Let j be y(-5). Let v be 11/((-2)/(126/j)). Calculate the greatest common divisor of v and 21.
21
Let x be 3/((-555)/(-277) + -2). Let q be 4/(-3)*9/(-6). Let d be q/(-5) - x/(-15). Calculate the greatest common factor of d and 5.
5
Suppose 3*p - 238 - 218 = 0. What is the greatest common divisor of 19 and p?
19
Let s be (-6)/((-6)/3)*69. Let i be 678/30 - (-4)/10. What is the greatest common factor of i and s?
23
Let l(y) = -35*y + 3. Let w = -2 + -1. Let o be l(w). Calculate the highest common factor of 12 and o.
12
Suppose -c + 0*c + 98 = 0. Suppose v - 133 = -4*z, -z + v + c = 2*z. Let u = 69 - z. Calculate the greatest common factor of 18 and u.
18
Let h(j) = -j**3 - 2*j**2 + 9*j + 11. Let x be h(-8). Suppose 4*q + 134 = 2*g, 5*g - 5*q - x = -q. Calculate the greatest common divisor of g and 9.
9
Suppose t + t - 4 = 0. Suppose 5*h = -2*p + 171, 0*p = t*p - h - 177. What is the highest common factor of p and 8?
8
Suppose -4*p - 58 = 4*r - 290, 2*r - 5*p = 88. Calculate the greatest common divisor of r and 36.
18
Suppose 49 = -3*c - 20. Let m = c + 38. What is the greatest common divisor of 6 and m?
3
Suppose 0 = -4*z - 3*g + 192, 147 = 5*z + 2*g - 86. What is the greatest common factor of z and 30?
15
Let y = -35 - -92. Calculate the highest common factor of 285 and y.
57
Let i(b) = -9*b**3 - b**2 + 1. Let h be i(-1). Let a(v) = 9*v + 1 + 3 + 5. Let z be a(7). Calculate the greatest common factor of h and z.
9
Let p be (-3 + 2 - 1) + 4. Let r be (-4 - -6) + p/1. Suppose -130 = -5*q - 4*x, -27 = -r*x - 7. What is the highest common factor of 33 and q?
11
Suppose 0 = -2*a - 5*b + 10, 0 = -4*a + 4*b + b - 10. Let d(w) = w + 171. Let u be d(a). What is the greatest common divisor of u and 19?
19
Suppose 0 = r + 3*r - 16. Suppose -3*m - r = -43. What is the greatest common divisor of m and 65?
13
Suppose 6 = n + 2*q, -2*n + 15 = -6*n + 5*q. Let p(g) = -2*g + 4*g + 3 + n*g. Let i be p(6). Calculate the greatest common factor of 5 and i.
5
Suppose b + 224 = 5*b. Suppose s = 5*s - b. What is the greatest common divisor of 56 and s?
14
Let x be (-42)/(-5) + (-10)/25. Suppose 0 = -f + 4*i, -i - i + x = 0. What is the highest common divisor of 48 and f?
16
Suppose -d + 47 = -3*f, 0*d + 4*f = -2*d + 84. Let x = 79 - d. Let l = 32 + -27. What is the highest common factor of x and l?
5
Suppose 4*z - 5*z + 5 = 0. Calculate the highest common divisor of z and 5.
5
Suppose 2*p = 10, -q - 3*p + 5*p - 6 = 0. Suppose 0 = q*t + 2*m - 104, 2*t + 3*t - 3*m = 152. Calculate the greatest common factor of 4 and t.
4
Let v = 190 + -182. Calculate the highest common factor of 12 and v.
4
Let s = 0 - -2. Let f be -7 - 3*(-2)/s. Let h(q) = -4*q + 2. Let t be h(f). What is the highest common divisor of 27 and t?
9
Suppose 4*u - 16 = 0, 2*c + 5*u - 14 = 8. Calculate the highest common divisor of c and 3.
1
Suppose -129 = -5*m - 2*b + 41, -2*b - 10 = 0. What is the highest common divisor of 18 and m?
18
Let g(x) = 2*x**3 - 7*x**2 + 4*x. Let q be g(4). Calculate the greatest common factor of q and 4.
4
Suppose -6 + 2 = -x. Suppose 0*v + 2*n = 2*v + 42, -4*v - 82 = -2*n. Let u be v/(-6)*(-84)/(-35). Calculate the highest common factor of x and u.
4
Suppose -1250 = -8*k - 2*k. Calculate the highest common factor of 25 and k.
25
Let a = 113 + -71. Let s = 22 + -8. Calculate the highest common divisor of a and s.
14
Let u = -6 + 8. What is the greatest common factor of u and 22?
2
Suppose -y = -0*y - 93. Calculate the greatest common divisor of y and 31.
31
Let d = -34 - -48. Calculate the highest common factor of 14 and d.
14
Let z be (0/1)/1*-1. Suppose -11 = -z*n - n. What is the highest common divisor of 33 and n?
11
Let o = 20 - 29. Let x be 151/3 + (-6)/o. Calculate the highest common factor of x and 34.
17
Let l(r) = 29*r - 3. Let v be l(-5). Let t be 6/(-42) - v/7. What is the highest common divisor of t and 63?
21
Let g be (-4)/(1/(-2) - 30/(-68)). Calculate the greatest common divisor of 4 and g.
4
Let s(p) = -4*p - 5. Suppose -9 + 18 = -3*y. Let w be s(y). What is the highest common divisor of 14 and w?
7
Let b = 7 - -8. Suppose 5*j - 564 = 2*j. Suppose 4*c = 4*q + j, 0*q - 4*q = 4*c - 172. What is the highest common factor of c and b?
15
Let z(a) = -a**3 + 4*a**2 + 5*a. Let q be z(5). Let g = q - 1. Let s(x) = -109*x + 1. Let l be s(g). What is the greatest common divisor of l and 10?
10
Suppose -5*r - 1 = -101. What is the greatest common divisor of r and 180?
20
Let w = -25 - -40. Let n be (2 - 9/6)*6. Suppose s = 2*q - 242, -4*q + 253 = -n*s - 233. What is the greatest common factor of w and q?
15
Suppose 0 = 4*x - 3*x + 5*y - 125, 5*x = 2*y + 544. What is the highest common divisor of x and 10?
10
Let o = -45 - -31. Let p = o - -26. Let f be (4 - 3) + (p - 0). Calculate the highest common divisor of 143 and f.
13
Let p be (-7 + -3)/(1/2). Let n be ((-8)/20)/(1/p). Suppose 0*k - 2*k - 5*d = -63, -3*d = -2*k + 39. Calculate the greatest common divisor of n and k.
8
Let t = -3 + 93. Calculate the highest common factor of 10 and t.
10
Let f = 522 - 50. Suppose -4*l + 804 = 4*d, f + 530 = 5*l + 4*d. Calculate the highest common factor of 18 and l.
18
Let s = -7 - -13. Suppose -5*r + s*r = 14. Calculate the highest common divisor of r and 56.
14
Let k = -175 - -303. What is the highest common divisor of 16 and k?
16
Let o(f) = f**2 + 3*f. Let p be o(-7). Calculat